git of u?
1
Let a(c) = -5*c**2 + 2*c + 18*c**2 + 14*c**2 + 1. Let k = 30 + -31. What is the units digit of a(k)?
6
What is the units digit of 1 + (-8)/20*5 - -7?
6
Let m be (-4 - -3) + (1 - 1/(-1)). Let z = -8 + 17. What is the units digit of -4*m*(5 - z)?
6
Let m = 3304 + -637. What is the tens digit of m?
6
Let a = 105 + -99. Let k(o) = 2*o**3 - 8*o**2 + 2*o - 4. What is the hundreds digit of k(a)?
1
Let f = -764 + 1534. What is the tens digit of f?
7
Let s(f) = -9*f**3 - f**2 - 3*f + 4. Let m be s(-4). Suppose 4*u - m = -2*t, t + 454 = 3*u - 3*t. What is the tens digit of u?
4
Suppose 139*o - 173 = 138*o. Suppose 0 = -4*y + t + o, -y + t = -23 - 21. What is the tens digit of y?
4
Let g(i) = i**2 - i. Let d be g(-3). Suppose 4*x - d*x = -1296. What is the hundreds digit of x?
1
Let b(v) = -2*v + 34. Let u be b(15). Suppose 4*s - 594 = -4*m - m, 5*s = -u*m + 747. What is the tens digit of s?
5
Let n(o) = 2*o + 6. Let h(c) = -3. Let f(g) = 10. Let j(z) = -2*f(z) - 7*h(z). Let d(l) = 3*j(l) + n(l). What is the tens digit of d(14)?
3
Let u(s) = 26*s + 250. What is the hundreds digit of u(21)?
7
Suppose -k - 56 = 3*k + 2*w, -4*w - 14 = k. Let x be (-8)/2 - k - -4. What is the tens digit of (-4)/(-2)*(-1 + x)?
2
Let z(b) = 15*b + 39. What is the tens digit of z(4)?
9
Suppose 20*b = -7*b + 4131. What is the tens digit of b?
5
Suppose 4*n - 44 = 4*k, -5*k = 2*n - 8 + 28. What is the hundreds digit of (246/(-3))/((-3)/k + -1)?
1
Let m(v) = -425*v + 2. Let y be m(10). What is the tens digit of (-2 - 16/(-10)) + y/(-45)?
9
Let t = 1423 - -592. What is the tens digit of t?
1
Suppose p + p = 6. Suppose 12 = p*i - i. Suppose -5*n + 46 = i. What is the units digit of n?
8
Suppose -5*h + 28 = 3*t, 5*h - 8 = 4*t + 13. What is the tens digit of (-2)/(-11) - (2997/(-33))/t?
9
Suppose -9336 = -189*o + 183*o. What is the units digit of o?
6
Let o = 21 + -20. Suppose -3 = -u - o. Suppose 0 = 5*q + 5*p - 90, -47 - 13 = -4*q + u*p. What is the units digit of q?
6
Let k(s) = 14*s - 4. Let l(z) = -15*z + 3. Let q(i) = -4*k(i) - 5*l(i). What is the hundreds digit of q(10)?
1
Let z(u) = u + 20. Let h be z(-16). Suppose -h*j + 33 + 83 = 0. What is the units digit of j?
9
Let p(z) = -z**3 + 6*z**2 + 13*z + 3. Let m be 1*7 + 5/(2 + -7). What is the tens digit of p(m)?
8
Suppose 37*o - 24*o - 3237 = 0. What is the units digit of o?
9
Suppose -25*w + 10754 = -6*w. What is the hundreds digit of w?
5
What is the tens digit of (12/36)/(2/21078)?
1
Let z(m) = m**2 + 10*m + 2. Let y be z(-10). Suppose y*r = -r + s + 166, -5*s + 105 = 2*r. What is the units digit of r?
5
Suppose 4*i = 5*i - 527. Suppose -15 = 3*j, 498 = 4*c + 3*j - i. What is the tens digit of c?
6
Let j = -687 + 2705. What is the units digit of j?
8
Suppose -t + 40 = -4*z, 5*z = -2*t - 36 - 1. Let n = 19 + z. What is the tens digit of 282/n - 5/25?
2
Suppose 0 = x - 6 + 1. Let f(q) = -23*q + 2*q**2 + 4*q + x + 14*q. What is the units digit of f(3)?
8
Suppose 0 = -x - 3*b + 508, 6 = 3*b + 15. What is the units digit of x?
7
Let t(y) = 2*y**2 - 9*y + 4. Let v(i) = 11*i**2 - 2. Let j(p) = 12*p**2 - 2. Let s(h) = -3*j(h) + 4*v(h). Let o be s(-1). What is the units digit of t(o)?
2
What is the thousands digit of 1020 - (-7)/(35/20)?
1
Suppose -u - 954 = -2*i, 4*i - i = 5*u + 1445. What is the tens digit of i?
7
Let l(h) = h**3 + 8*h**2 - 6*h - 8. Let c be l(-9). Let t = 96 - c. What is the units digit of t?
1
Let q(y) = 2*y**2 + y + 3. Suppose 3*k - 36 = -4*w, 3*w + 0*k - k = 40. Suppose m + w = -3*m. What is the units digit of q(m)?
8
Let o(y) = y**3 + 7*y**2 - 11*y - 21. Let v be o(-8). Suppose -v*g - 3*l = -643 - 74, -g + l + 233 = 0. What is the units digit of g?
6
Let w(i) be the second derivative of -i**3/6 + i**2/2 - 4*i. Let f be w(4). What is the units digit of (-1)/f - 20/(-3)?
7
Let i(m) = 8*m**2 + 4*m - 27. What is the tens digit of i(-6)?
3
Let w(a) = -3*a + a + 22*a + 0 + 1. What is the tens digit of w(2)?
4
Let r be 9/45 - 81/5. Let y = r - -19. Suppose 0 = 2*t - y*t + 20. What is the tens digit of t?
2
Let x(l) = l**3 + 13*l**2 + 11*l - 11. Let v be x(-12). Let c(t) = -t - 2. Let j be c(0). What is the tens digit of v/j + 54/4?
1
Let w = 0 + 8. Suppose 4 = -4*p + w. Let c(v) = 29*v**2. What is the units digit of c(p)?
9
Let o(q) = -q**3 + 5*q + 9. What is the tens digit of o(-6)?
9
Let q = 4 - 4. Suppose 0 = -w - o + 142, q = -3*w + 6*w - 3*o - 420. What is the tens digit of w?
4
Let o be -3 + (-3 - (-9 - 1)). Let q(t) = -t**3 + 2*t**2 + 4*t + 5. Let h be q(o). Let s(x) = -x**2 - 14*x - 9. What is the units digit of s(h)?
4
Suppose -15*j + 16*j = 0. Suppose -4*o - 211 = -2*l + l, -4*l - 2*o + 844 = j. What is the units digit of l?
1
Suppose 57 = -a + 71. What is the tens digit of a?
1
Let i(k) = k + 3. Let m be i(14). Let z = -15 + m. Suppose 46 = 4*q + z. What is the units digit of q?
1
Suppose -1236 = 28*m - 32*m. Suppose p + m = 4*p. What is the units digit of p?
3
Suppose -5*g = -2773 - 1492. What is the units digit of g?
3
Suppose 79 = 4*q + s, -5*s - 37 = -3*q + 51. What is the tens digit of 321/q - 2/7?
1
Let l(f) = 4*f**3 + 7*f**2 - 18*f + 2. Let q(d) = 5*d**3 + 8*d**2 - 19*d + 3. Let u(n) = -4*l(n) + 3*q(n). What is the units digit of u(-8)?
7
Suppose 1832 = 3*t - 5*b, t = -4*t - 2*b + 3012. What is the hundreds digit of t?
6
Let o(k) = -4*k**2 - 2*k + 2. Let l(v) = v - 1. Let z be l(3). Let d be o(z). What is the tens digit of (-4)/18 + (-418)/d?
2
What is the hundreds digit of -5*(-102)/(-9)*(-72)/15?
2
Suppose 1442 = 2*g + 4*b, -4*g - 2*b + 2908 = -0*b. What is the hundreds digit of g?
7
Let y(o) = -o**3 + 12*o**2 + 25. Let j(v) = -v**3 - 3*v - 2. Let s be j(-2). What is the tens digit of y(s)?
2
Let c be 6/(6/(-32)*-4). Let f = c - -26. What is the units digit of f?
4
Suppose -4*c + 8 = -2*c. Suppose -2*n + c = 2*t, -n + 6 = 2*n - 4*t. What is the tens digit of (-10)/20 - (-59)/n?
2
Let l(s) = 4*s**3 + 14*s**2 + 18*s - 13. Let x(w) = -7*w**3 - 29*w**2 - 37*w + 26. Let h(a) = 5*l(a) + 3*x(a). What is the tens digit of h(-16)?
9
Suppose -4*h = 4*q - 76, 2*h = 5*q - h - 87. Let b = q - 13. Suppose 3*m = -3*v + 24, 2*v + v = b*m - 8. What is the units digit of v?
4
Let u(j) = 0*j**2 + 0*j**2 - j**2. Let q be u(0). Suppose -4*h + 3*r + 71 = -2*h, q = -5*h + 4*r + 160. What is the units digit of h?
8
What is the hundreds digit of -3*(-290)/(-60)*-198?
8
Suppose 364*l - 369*l + 15180 = 0. What is the units digit of l?
6
Suppose 0 = -l + 4*l - 12. Suppose l*f = 4*j - 3*j - 25, -2*f + 5*j - 17 = 0. Let y(u) = -u**2 - 12*u + 2. What is the tens digit of y(f)?
3
Let t(l) = -272*l**3 + l**2 + l + 1. Suppose -2*d = 4*g - 1 - 1, -2*g - 2*d = -4. What is the units digit of t(g)?
3
Let z(q) = -3 + 3*q - 1 - 5*q - 2. Let d be z(-5). Suppose -3*h - 2*x + 119 = 0, 3*h - 43 = 2*h - d*x. What is the tens digit of h?
3
Let d be ((-3 - -1)*-12)/2. Suppose 24 = 3*g - a, -3 + d = -3*a. What is the units digit of g?
7
Let q(g) = -19*g - 24. Let c be q(-8). Let y = -8 + c. What is the tens digit of y?
2
Suppose -13410 = -5*f + 5*d, 3*f + f = -5*d + 10719. What is the units digit of f?
1
Let l(m) be the second derivative of -m**5/20 + m**4/2 + m**3/3 + m**2 + 3*m. What is the units digit of l(4)?
2
Let m be 364*15/10 + 4. What is the tens digit of (m/15)/(4/12)?
1
Suppose i = t - 29, 3*t - 4*t + 26 = -4*i. Suppose 0 = f - t - 45. What is the tens digit of f?
7
Let d be (-2 - -4)/2 + 2. Let p(u) = u**3 + 10*u**2 + 4*u + 18. Let x be p(-9). Suppose 4*s + x = 3*r, -d*s + 63 = 3*r - 2*s. What is the tens digit of r?
2
Let y be (746 - (0 - 1))/1. Suppose -v + 2*v = -3*k - y, 2*k = -5*v - 3800. What is the units digit of v/(-14) + (-3)/7?
4
Suppose 6 = -5*j + 1411. What is the tens digit of j?
8
What is the units digit of 0 + 5 + 17 + 767?
9
Suppose -3*s + 6*s = 4*o - 84, -2*s = -8. Let w = o + -23. What is the units digit of w?
1
Let i be (-49)/(-3) - 4/12. Suppose -5*o + 2*o - 7*o = 0. Suppose -28 = -s - 2*g, g + 3*g + i = o. What is the tens digit of s?
3
Suppose -6*v = -4*v + 5*i - 1862, 4*v + 5*i - 3744 = 0. What is the units digit of v?
1
Let d = 45 + -42. What is the units digit of d*(-10)/4*(-306)/45?
1
Suppose 0 = 11*t - 10*t - 8. Suppose -4*k + t = 0, 4*h - 110 = -4*k + 62. What is the tens digit of h?
4
Wh